alse
Is 1649 a composite number?
True
Is 6373 prime?
True
Is 1717719 prime?
False
Is 2974477 composite?
True
Is 19441 a composite number?
False
Is 32393 composite?
True
Is 20851 a composite number?
True
Is 22141 a prime number?
False
Is 466159 prime?
False
Is 20369 a prime number?
True
Is 479 composite?
False
Is 438233 a composite number?
False
Is 10663 composite?
False
Is 3295 a composite number?
True
Is 1432073 a composite number?
False
Is 16769 composite?
True
Is 2243 a prime number?
True
Is 1847 prime?
True
Is 282157 a composite number?
False
Is 53107 composite?
True
Is 2653513 prime?
False
Is 44027 a composite number?
False
Is 84629 a composite number?
False
Is 59791 composite?
False
Is 5207 a composite number?
True
Is 135777 composite?
True
Is 4695095 a composite number?
True
Is 12422 prime?
False
Is 1301821 prime?
True
Is 23207 a prime number?
False
Is 7663 prime?
False
Is 14983 a prime number?
True
Is 63299 prime?
True
Is 5021 composite?
False
Is 38051 composite?
True
Is 29467 a composite number?
True
Is 923459 prime?
False
Is 196915 a composite number?
True
Is 17859 prime?
False
Is 70727 composite?
True
Is 44617 prime?
True
Is 47539 composite?
True
Is 13171 a composite number?
False
Is 2646497 composite?
True
Is 351287 composite?
False
Is 1689 a prime number?
False
Is 318437 a prime number?
False
Is 6599 a prime number?
True
Is 29009 a composite number?
False
Is 5939 a composite number?
False
Is 5971 a prime number?
False
Is 20143 a composite number?
False
Is 50773 a prime number?
True
Is 455033 composite?
False
Is 10903 a prime number?
True
Is 79 prime?
True
Is 703 a prime number?
False
Is 143017 composite?
True
Is 7609 a prime number?
False
Is 186811 composite?
True
Is 236603 prime?
False
Is 1385 a composite number?
True
Is 54493 prime?
True
Is 21851 a composite number?
False
Is 10403 a prime number?
False
Is 1973 composite?
False
Is 153029 a composite number?
True
Is 227015 a prime number?
False
Is 1111 a composite number?
True
Is 35311 composite?
False
Is 202729 a composite number?
False
Is 457507 composite?
False
Is 83689 a prime number?
True
Is 38509 composite?
True
Is 319 composite?
True
Is 16671 prime?
False
Is 643051 a prime number?
True
Is 314953 a prime number?
True
Is 15971 composite?
False
Is 122957 a prime number?
True
Is 2815 a composite number?
True
Is 32735 composite?
True
Is 131101 a prime number?
True
Is 4685869 a prime number?
True
Is 2171 a prime number?
False
Is 508238 a composite number?
True
Is 121523 a prime number?
True
Is 3513 a prime number?
False
Is 23099 composite?
False
Is 30035 prime?
False
Is 6677 composite?
True
Is 138323 composite?
False
Is 103289 a prime number?
True
Is 4111 a composite number?
False
Is 259711 a prime number?
False
Is 17677 a composite number?
True
Is 69347 a prime number?
False
Is 8147 prime?
True
Is 9869 composite?
True
Is 242615 a composite number?
True
Is 150701 a prime number?
False
Is 57103 a prime number?
False
Is 1050067 prime?
False
Is 28961 a composite number?
False
Is 6739 a composite number?
True
Is 48049 a composite number?
False
Is 3659 prime?
True
Is 50789 a prime number?
True
Is 7123 prime?
False
Is 87179 a composite number?
False
Is 1400599 a composite number?
False
Is 8351 prime?
False
Is 5623 prime?
True
Is 83351 a composite number?
True
Is 87319 a composite number?
True
Is 77521 composite?
False
Is 22523 prime?
False
Is 435511 a prime number?
False
Is 80737 composite?
False
Is 331423 a prime number?
True
Is 4049 a prime number?
True
Is 1769 a composite number?
True
Is 21685 composite?
True
Is 242713 composite?
False
Is 33107 a composite number?
False
Is 63239 prime?
False
Is 208951 prime?
False
Is 37399 prime?
False
Is 17455 composite?
True
Is 2070227 composite?
True
Is 48449 composite?
False
Is 59673 prime?
False
Is 4691 a composite number?
False
Is 31667 prime?
True
Is 12071 a composite number?
False
Is 32521 a composite number?
True
Is 41221 a composite number?
False
Is 29717 a composite number?
False
Is 52009 composite?
False
Is 21047 a prime number?
False
Is 122081 composite?
False
Is 956177 a prime number?
True
Is 15427 a composite number?
False
Is 107398 a composite number?
True
Is 1181 a composite number?
False
Is 128111 a composite number?
False
Is 78805 composite?
True
Is 132199 a composite number?
False
Is 632189 a composite number?
False
Is 13367 a prime number?
True
Is 437666 prime?
False
Is 85 a composite number?
True
Is 287 a composite number?
True
Is 19417 composite?
False
Is 6503 prime?
False
Is 1227029 a composite number?
True
Is 13987 a composite number?
True
Is 355027 a prime number?
True
Is 412019 composite?
False
Is 119359 composite?
False
Is 563489 a prime number?
True
Is 4049 a prime number?
True
Is 1409 composite?
False
Is 111301 prime?
True
Is 2063 a prime number?
True
Is 24305 a composite number?
True
Is 19643 a prime number?
False
Is 615617 prime?
True
Is 873745 a composite number?
True
Is 200983 prime?
True
Is 40643 prime?
False
Is 208021 a prime number?
False
Is 1868863 composite?
False
Is 73693 prime?
True
Is 3278947 prime?
False
Is 6931 a composite number?
True
Is 27787 a composite number?
True
Is 635249 a composite number?
False
Is 942973 composite?
True
Is 452119 a prime number?
False
Is 110041 a composite number?
True
Is 33571 a composite number?
True
Is 1507687 composite?
False
Is 27611 a composite number?
False
Is 1399 a composite number?
False
Is 878126 a composite number?
True
Is 85999 a prime number?
True
Is 17011 prime?
True
Is 29101 prime?
True
Is 3505 prime?
False
Is 352177 prime?
False
Is 12343 composite?
False
Is 921047 prime?
False
Is 22669 composite?
False
Is 17737 a prime number?
True
Is 59309 composite?
True
Is 11081 a composite number?
True
Is 92941 a composite number?
False
Is 16501 prime?
False
Is 5879 a prime number?
True
Is 1664771 a composite number?
False
Is 9173 prime?
True
Is 691 prime?
True
Is 2053 composite?
False
Is 60341 prime?
False
Is 44017 prime?
True
Is 5933 composite?
True
Is 176039 a composite number?
True
Is 272551 prime?
False
Is 53695 composite?
True
Is 12439 composite?
True
Is 84867 a composite number?
True
Is 14257 composite?
True
Is 54851 composite?
False
Is 31091 composite?
False
Is 123053 a prime number?
False
Is 28195 prime?
False
Is 1465 composite?
True
Is 31751 a composite number?
False
Is 4567 a composite number?
False
Is 41843 a composite number?
False
Is 1519951 prime?
True
Is 992983 composite?
False
Is 6899 composite?
False
Is 128621 a prime number?
True
Is 448657 a composite number?
True
Is 662 a composite number?
True
Is 2633 prime?
True
Is 8485 a composite number?
True
Is 305471 prime?
True
Is 429085 a prime number?
False
Is 101483 prime?
True
Is 1697087 prime?
False
Is 77969 a prime number?
True
Is 35729 composite?
False
Is 174847 a composite number?
True
Is 4721 a prime number?
True
Is 22177 prime?
False
Is 5147 a composite number?
False
Is 73591 composite?
True
Is 169147 prime?
False
Is 23731 composite?
True
Is 57037 composite?
False
Is 152687 a prime number?
False
Is 33665 a prime number?
False
Is 71747 a prime number?
False
Is 691617 a prime number?
False
Is 2319593 a prime number?
True
Is 9391 a composite number?
False
Is 1337209 prime?
True
Is 1921 prime?
False
Is 15947 composite?
True
Is 2018 prime?
False
Is 249967 a prime number?
True
Is 898 a prime number?
False
Is 16729 composite?
False
Is 594629 a composite number?
True
Is 293 a composite number?
False
Is 415445 a composite number?
True
Is 143137 a prime number?
True
Is 5219 a composite number?
True
Is 62087 a composite number?
True
Is 93407 a composite number?
False
Is 223999 prime?
True
Is 3173 a composite number?
True
Is 301721 prime?
False
Is 7723 a prime number?
True
Is 703 composite?
True
Is 50449 prime?
False
Is 770782 prime?
False
Is 156419 composite?
False
Is 572161 prime?
True
Is 201757 prime?
True
Is 254701 composite?
True
Is 132989 a prime number?
True
Is 146345 a prime number?
False
Is 259841 composite?
False
Is 7283 a composite number?
False
Is 111819 composite?
True
Is 10207 prime?
False
Is 915301 a prime number?
True
Is 19157 a composite number?
False
Is 563887 composite?
False
Is 6737 a composite number?
False
Is 8501 composite?
False
Is 2633 prime?
True
Is 1111 composite?
True
Is 3761 composite